ase 11?
149
-9 (base 12) to base 10
-9
What is -213 (base 4) in base 6?
-103
-12 (base 5) to base 4
-13
11 (base 2) to base 13
3
35 (base 8) to base 9
32
Convert -4 (base 10) to base 2.
-100
What is -5 (base 12) in base 3?
-12
What is 10000 (base 2) in base 15?
11
-8 (base 11) to base 2
-1000
What is 101010 (base 3) in base 13?
180
What is -13 (base 14) in base 5?
-32
-a (base 12) to base 3
-101
What is -16 (base 8) in base 10?
-14
What is -27 (base 13) in base 11?
-30
Convert -6 (base 14) to base 7.
-6
d3 (base 14) to base 11
159
What is -1 (base 6) in base 4?
-1
What is 25 (base 10) in base 14?
1b
What is 2 (base 15) in base 14?
2
Convert -6 (base 9) to base 2.
-110
-10 (base 9) to base 2
-1001
Convert 1 (base 15) to base 9.
1
What is 21 (base 3) in base 4?
13
Convert 57 (base 13) to base 10.
72
Convert -3 (base 7) to base 15.
-3
What is 6 (base 16) in base 9?
6
Convert 2 (base 11) to base 13.
2
Convert 1022 (base 4) to base 14.
54
-84 (base 10) to base 6
-220
-100 (base 3) to base 4
-21
What is -412 (base 6) in base 10?
-152
-12 (base 8) to base 5
-20
Convert -17 (base 14) to base 6.
-33
Convert -111 (base 3) to base 14.
-d
Convert -13 (base 4) to base 11.
-7
100 (base 6) to base 3
1100
Convert -3 (base 6) to base 11.
-3
-8 (base 16) to base 6
-12
Convert -1222 (base 3) to base 7.
-104
345 (base 6) to base 14
9b
What is 116 (base 8) in base 3?
2220
-9 (base 14) to base 6
-13
1 (base 5) to base 8
1
Convert -24 (base 15) to base 3.
-1021
What is -11 (base 7) in base 12?
-8
Convert -1 (base 7) to base 12.
-1
What is 20 (base 16) in base 5?
112
Convert 12 (base 5) to base 10.
7
Convert -3 (base 12) to base 11.
-3
What is -1111 (base 6) in base 2?
-100000011
What is -26 (base 7) in base 8?
-24
18b (base 15) to base 13
215
Convert -32 (base 5) to base 16.
-11
What is 2 (base 3) in base 15?
2
-110 (base 2) to base 5
-11
3 (base 6) to base 9
3
-14 (base 16) to base 10
-20
-6 (base 16) to base 2
-110
Convert -17 (base 15) to base 7.
-31
Convert 144 (base 5) to base 6.
121
What is 2 (base 14) in base 8?
2
Convert -2 (base 10) to base 13.
-2
Convert 0 (base 2) to base 7.
0
What is -535 (base 6) in base 15?
-d8
1 (base 16) to base 15
1
Convert -3 (base 13) to base 15.
-3
What is a (base 15) in base 8?
12
a1 (base 12) to base 13
94
-3 (base 14) to base 7
-3
Convert 203 (base 5) to base 9.
58
-5 (base 16) to base 12
-5
What is 54 (base 7) in base 12?
33
Convert -11 (base 7) to base 4.
-20
Convert 25 (base 10) to base 15.
1a
21 (base 4) to base 9
10
Convert -c (base 15) to base 14.
-c
Convert -20 (base 4) to base 14.
-8
-210 (base 6) to base 5
-303
What is 127 (base 8) in base 7?
153
3 (base 12) to base 13
3
-54 (base 11) to base 8
-73
Convert -225 (base 7) to base 14.
-85
Convert 4 (base 7) to base 3.
11
What is 66 (base 12) in base 15?
53
What is 1 (base 2) in base 11?
1
What is 110 (base 8) in base 3?
2200
Convert 15 (base 6) to base 2.
1011
What is -30 (base 9) in base 6?
-43
-b (base 16) to base 8
-13
-2a (base 16) to base 2
-101010
What is -a (base 13) in base 6?
-14
What is 3 (base 9) in base 2?
11
31 (base 15) to base 16
2e
Convert -7 (base 13) to base 11.
-7
-68 (base 13) to base 16
-56
Convert -12 (base 10) to base 3.
-110
122 (base 10) to base 4
1322
What is 7 (base 10) in base 11?
7
What is -111 (base 3) in base 15?
-d
What is -3 (base 8) in base 15?
-3
-71 (base 9) to base 2
-1000000
What is -1 (base 15) in base 10?
-1
What is 502 (base 9) in base 3?
120002
-25 (base 12) to base 16
-1d
What is 0 (base 5) in base 2?
0
9 (base 12) to base 11
9
Convert -2 (base 8) to base 15.
-2
What is -434 (base 6) in base 10?
-166
-3 (base 9) to base 11
-3
Convert 5a (base 12) to base 5.
240
112 (base 3) to base 7
20
Convert -48 (base 16) to base 6.
-200
What is 4 (base 7) in base 2?
100
What is 2 (base 7) in base 8?
2
15 (base 11) to base 14
12
What is 13 (base 16) in base 15?
14
Convert 0 (base 16) to base 15.
0
What is -2 (base 5) in base 2?
-10
What is 9 (base 14) in base 5?
14
Convert -23 (base 16) to base 13.
-29
9 (base 13) to base 9
10
Convert -1 (base 10) to base 14.
-1
What is 3 (base 12) in base 6?
3
Convert 1 (base 6) to base 12.
1
What is 55 (base 7) in base 4?
220
-2 (base 4) to base 11
-2
9 (base 10) to base 6
13
Convert 46 (base 14) to base 15.
42
What is 52 (base 6) in base 15?
22
What is 75 (base 8) in base 5?
221
What is 16 (base 15) in base 5?
41
What is -20 (base 8) in base 7?
-22
Convert 3 (base 11) to base 2.
11
-1 (base 8) to base 2
-1
Convert 8 (base 9) to base 4.
20
Convert -1 (base 5) to base 6.
-1
What is 5 (base 11) in base 10?
5
Convert -4 (base 6) to base 16.
-4
What is -c (base 13) in base 6?
-20
13 (base 5) to base 8
10
What is 2 (base 5) in base 2?
10
21 (base 6) to base 14
d
Convert 7 (base 12) to base 4.
13
What is -1 (base 5) in base 15?
-1
1 (base 2) to base 11
1
1d (base 16) to base 8
35
Convert 3 (base 7) to base 9.
3
What is -1e (base 16) in base 4?
-132
Convert 201 (base 3) to base 7.
25
Convert -7 (base 13) to base 12.
-7
Convert -3a (base 16) to base 11.
-53
What is 3 (base 14) in base 6?
3
Convert 424 (base 5) to base 4.
1302
-223 (base 4) to base 16
-2b
15 (base 10) to base 12
13
26 (base 14) to base 5
114
-3 (base 11) to base 6
-3
44 (base 14) to base 7
114
2 (base 7) to base 12
2
-8 (base 11) to base 13
-8
What is 121 (base 3) in base 11?
15
Convert 43 (base 8) to base 2.
100011
What is -2 (base 3) in base 2?
-10
Convert 11011 (base 3) to base 13.
88
What is -1 (base 11) in base 8?
-1
Convert 5 (base 16) to base 11.
5
What is 1 (base 10) in base 3?
1
Convert 3 (base 10) to base 16.
3
Convert 44 (base 7) to base 8.
40
Convert 5b (base 15) to base 3.
10012
Convert 0 (base 5) to base 3.
0
-5 (base 6) to base 10
-5
-112 (base 3) to base 12
-12
What is 181 (base 9) in base 3?
12201
3 (base 6) to base 12
3
What is 3 (base 6) in base 13?
3
What is -3a (base 16) in base 2?
-111010
What is 18 (base 12) in base 4?
110
What is 1000 (base 2) in base 3?
22
Convert 7 (base 12) to base 5.
12
What is 43 (base 13) in base 15?
3a
What is 36 (base 8) in base 14?
22
What is -10000 (base 2) in base 6?
-24
What is -11 (base 14) in base 7?
-21
What is 146 (base 8) in base 14?
74
Convert -1101 (base 2) to base 6.
-21
Convert 6 (base 8) to base 12.
6
What is -1a (base 14) in base 16?
-18
What is 10 (base 8) in base 13?
8
-1 (base 13) to base 3
-1
What is 2 (base 10) in base 6?
2
-1 (base 8) to base 14
-1
What is 18d (base 15) in base 5?
2413
What is -321 (base 10) in base 2?
-101000001
What is 11100 (base 2) in base 15?
1d
Convert 62 (base 15) to base 8.
134
3 (base 9) to base 6
3
What is -2 (base 7) in base 10?
-2
What is 37 (base 9) in base 12?
2a
Convert 11000 (base 2) to base 9.
26
What is 0 (base 16) in base 12?
0
-1 (base 10) to base 3
-1
616 (base 7) to base 11
25a
2 (base 5) to base 4
2
What is 26 (base 11) in base 8?
34
-16 (base 9) to base 11
-14
Convert 22 (base 16) to base 11.
31
-12 (base 7) to base 12
-9
17 (base 13) to base 9
22
Convert 0 (base 12) to base 6.
0
What is 10 (base 10) in base 6?
14
What is -1 (base 16) in base 13?
-1
Convert -37 (base 9) to base 7.
-46
69 (base 14) to base 10
93
What is -72 (base 10) in base 5?
-242
38 (base 16) to base 2
111000
What is -4 (base 10) in base 9?
-4
-4 (base 5) to base 14
-4
-6 (base 10) to base 12
-6
What is 3 (base 4) in base 16?
3
Convert -41 (base 6) to base 8.
-31
What is 3 (base 12) in base 6?
3
Convert 4 (base 7) to base 9.
4
0 (base 8) to base 11
0
-14 (base 14) to base 15
-13
Convert 42 (base 11) to base 7.
64
What is 3 (base 7) in base 10?
3
Convert 12 (base 5) to base 8.
7
Convert 100 (base 2) to base 8.
4
Convert 20 (base 4) to base 11.
8
Convert 310 (base 7) to base 11.
130
Convert -3 (base 10) to base 5.
-3
What is 23 (base 7) in base 12?
15
What is 5 (base 7) in base 12?
5
What is -6 (base 7) in base 14?
-6
What is -110 (base 10) in base 6?
-302
-11 (base 13) to base 14
-10
Convert -11 (base 6) to base 12.
-7
What is -5 (base 6) in base 12?
-5
What is -7 (base 13) in base 11?
-7
-b (base 16) to base 7
-14
What is 12 (base 9) in base 3?
102
What is -2 (base 7) in base 14?
-2
What is -1c (base 15) in base 13?
-21
What is -43 (base 12) in base 9?
-56
Convert 2 (base 8) to base 2.
10
-100 (base 2) to base 4
-10
42 (base 14) to base 16
3a
1 (base 6) to base 5
1
C